3*j - 10. Let k be d(8). Let c = 621 - k. List the prime factors of c.
7, 41
Suppose -180 = -5*p - 2*j, -36 = -3*p + 2*p - j. Suppose 4*s - 129 = -3*r, 2*r - s - p = r. What are the prime factors of r?
3, 13
Let s(g) = 2*g + 21. Let x be s(-5). Suppose 10*f + 23 = x*f. What are the prime factors of f?
23
Let g be ((-8)/(-10))/(2/5). Suppose 0 = -4*q + 329 + 55. Suppose -g - 4 = 2*p, 0 = -4*l - 4*p + q. List the prime factors of l.
3
Let l = -135 + 647. List the prime factors of l.
2
Let g = 367 - -73. What are the prime factors of g?
2, 5, 11
Suppose -2*t - 5 + 1 = 0, 3*n - 4861 = -4*t. List the prime factors of n.
3, 541
Let h = -11 - -19. Let v(j) = j**3 - 8*j**2 + 4*j + 9. Let u be v(h). What are the prime factors of u - 4/6*-3?
43
Suppose -2*r - 40 = -3*x, -2*r + 0*r - 68 = -5*x. List the prime factors of x.
2, 7
Let n(m) = -m**3 + 3*m**2 - 6*m + 3. Let x be n(2). What are the prime factors of (14/(-2) - x) + 277?
5, 11
Let b(j) = 2*j**3 + j**2 - 4. Suppose k + 27 = 32. What are the prime factors of b(k)?
271
Let t(c) = c**3 - 2*c**2 - 3*c + 3. Let m be t(-4). Let a = 1 - m. List the prime factors of a.
2, 41
Let i(a) = -a**3 + 69. Let y(s) = -s**2 + 9*s - 14. Let t be y(7). What are the prime factors of i(t)?
3, 23
Suppose -2*v - 5*z = -88, -v = 2*z + 3*z - 54. Let g be v/8 + (-4)/16. Suppose -3*l - 4*f = -0*f - 126, 0 = g*l + 5*f - 167. List the prime factors of l.
2, 19
Suppose 0 = 22*f - 2397 - 1761. List the prime factors of f.
3, 7
Suppose -8*w + 163 = -901. Let j = -73 + w. What are the prime factors of j?
2, 3, 5
Suppose -2*i - y - 326 = -6*i, 5*i - y = 408. Suppose -15 + i = k. What are the prime factors of k?
67
Suppose 2*u - 2*z = -3*u + 25, -3*u + 34 = -5*z. List the prime factors of u + (119 + -2 + 2 - -1).
3, 41
Let m(g) = -g**3 + 7*g**2 + 4*g - 5. Suppose 5*a + 2*a - 42 = 0. Suppose -a*s - 48 = -14*s. What are the prime factors of m(s)?
5, 11
Let b(t) = 22 - t - 28 + 22. What are the prime factors of b(5)?
11
Let d = 62 - -90. Suppose -5*a + d = -38. List the prime factors of a.
2, 19
Suppose 0 = -6*w + 10*w - 4728. Suppose 0 = -2*h + 2*x + 358, 2*x = -5*h + w - 259. List the prime factors of h.
3, 61
Let j = 309 + 364. What are the prime factors of j?
673
Let l(w) be the second derivative of 10*w + 0 - 43/6*w**3 + w**2. What are the prime factors of l(-1)?
3, 5
Let o(j) = -5*j**3 - 5*j**2 - j - 5. Let k(y) = 4*y**3 + 4*y**2 + 2*y + 5. Let l(h) = 6*k(h) + 5*o(h). List the prime factors of l(-4).
5
Let q(n) = -2 + 298*n**2 + 51*n**2 - 51*n**2. List the prime factors of q(-1).
2, 37
Let k = -2255 + 4892. List the prime factors of k.
3, 293
Let v = -3 + 5. Let g(m) = 4*m**2 + 1 - v + 3. List the prime factors of g(-3).
2, 19
Let z(y) = -6*y**3 + 9*y**2 + 15*y - 1. What are the prime factors of z(-5)?
29, 31
What are the prime factors of 4/10 + (-256290)/(-150)?
1709
Let w = 9 + -9. Suppose -4*t + 12 = -w*t. Suppose -72 = -f - t*f. What are the prime factors of f?
2, 3
Suppose 4 = -5*g + 24. Suppose -g*l = -7*l - 174. Let t = l + 112. List the prime factors of t.
2, 3
Let q be -2*(2 + -1)*-1. Suppose 2*z = -4*b + 124, -z = -0*b - q*b + 58. What are the prime factors of b?
2, 3, 5
What are the prime factors of (1/(-3))/(3/(-8397))?
3, 311
Let k(l) = 3*l**3 - 3*l**2 + 2. Let x be k(2). Let r be 28/(-8)*(-40)/x. Let z = r - 5. What are the prime factors of z?
5
Suppose -4*b - b + 380 = 0. Suppose -3*m - 22 = -b. List the prime factors of m.
2, 3
Suppose -2056*c + 2069*c - 20475 = 0. What are the prime factors of c?
3, 5, 7
Suppose -36*n = -33*n + 3*i - 4875, 0 = -n + 4*i + 1610. List the prime factors of n.
2, 811
Let y be -3*(1/3 - 1). Suppose 2*s = -x + 67, y*s - 6*s + 137 = 3*x. Let d = -2 + s. What are the prime factors of d?
2, 3, 5
List the prime factors of (1 - (3 - 7 - 4090)) + 0.
3, 5, 7, 13
Let d be (-4)/(-3) + -1 + 1812/(-36). List the prime factors of ((-40)/d)/((-3)/(-148 + -2)).
2, 5
Suppose 5*i + 674 = 4*t - t, -4*t = -2*i - 880. What are the prime factors of t?
2, 109
Let v(l) = 2 + 3 + l - 2. Let y = -62 - -66. List the prime factors of v(y).
7
Suppose 0 = -4*g - 3*u + 229, 2*g - 3*u - 98 = 21. What are the prime factors of g?
2, 29
Let s(o) be the third derivative of o**5/60 - o**3/3 + 4*o**2. Let p be s(-2). Suppose 21 = p*f + 3. List the prime factors of f.
3
Suppose 0 = -d - 5*a + 1002, 37*d - 4008 = 33*d + 2*a. List the prime factors of d.
2, 3, 167
Let g(q) = -157*q - 1. Let t be g(-7). Suppose 4*c = t - 106. List the prime factors of c.
2, 31
Let l(p) = 22*p + 2. List the prime factors of l(9).
2, 5
Suppose -2*a - a = 12, 3*y - 26 = 5*a. Suppose 515 = y*t + 3*t. List the prime factors of t.
103
Suppose 4*r + r = 0. Let i be (r/(-4) + -3)*-1. Suppose -4*n + 5*g = g - 72, i*n - g = 50. What are the prime factors of n?
2
Suppose q + 2*c - 70 = 2*q, -3*c + 135 = -2*q. What are the prime factors of (-56)/10*(-9)/((-27)/q)?
2, 7
Let i = -1600 + 3593. What are the prime factors of i?
1993
Let g(u) = u**3 - 9*u**2 + 11*u + 1. Suppose 24 = 2*l + l. What are the prime factors of g(l)?
5
Suppose -2*s + 3*z + 1084 = 0, -4*s + 8*z + 2148 = 7*z. What are the prime factors of s?
2, 67
Suppose 0 = -31*x + 32*x - 8. What are the prime factors of (x + 9)/((-1)/(-5))?
5, 17
Let k be 12 + ((-6)/(-5))/((-4)/(-10)). What are the prime factors of (k/(-20))/((-1)/132)?
3, 11
Let w(z) = 3*z**2 + z + 2. Suppose 2*d = -24 - 2. Let n = -11 - d. What are the prime factors of w(n)?
2
Suppose -2964 + 64 = -5*d. Suppose -5*c = -0*c - d. List the prime factors of c.
2, 29
Let g = 320 - -37. List the prime factors of g.
3, 7, 17
Suppose -4*c + 63 = -865. Suppose -o = o - c. Let p = 164 - o. List the prime factors of p.
2, 3
Let y = 10 + -18. What are the prime factors of (-4)/y*-8*-10?
2, 5
What are the prime factors of -2 - -3786*8/12?
2, 13, 97
What are the prime factors of -11 - -9 - (240 + 1)/(-1)?
239
Let h be ((-3)/(-4))/(3/72). Suppose 2*n = -0*n + 10. Suppose -h = -i - n*b, 0 = -5*i + 2*b + 41 + 76. List the prime factors of i.
23
Let s(p) = -5*p**2 - 3*p + 2. Let v be s(1). Let d(a) = -2*a**3 - 8*a**2 + 2*a - 10. What are the prime factors of d(v)?
2, 61
Suppose 5*r = 101 + 849. List the prime factors of r.
2, 5, 19
Let d = -9 - -27. Suppose -d = -2*c - 0*c. What are the prime factors of c?
3
Let f = 16 - 10. Let b be 34/f - (-16)/48. Let t(c) = c**3 - 5*c**2 - 6*c + 2. What are the prime factors of t(b)?
2
Let n be 0 + 2 + (2 - -1). Suppose q = 3*x + 99, x - n*q + 19 = -0*q. Let r = x + 68. What are the prime factors of r?
2, 17
Let b(t) = t**3 - 44*t**2 + 46*t - 109. What are the prime factors of b(43)?
2, 5
Suppose -z - 5*v + 386 = 0, 124 + 653 = 2*z + 5*v. List the prime factors of z.
17, 23
Let h = 59 - 94. Let m = h + 43. List the prime factors of m.
2
Suppose 3*j - 147 = -2*b, 2*b + 399 = 7*b - 3*j. What are the prime factors of b?
2, 3, 13
Let q be (2/(3 - 4))/(-1). Let t(u) = u - 4*u - 3*u + 0 + q. List the prime factors of t(-8).
2, 5
What are the prime factors of ((-1)/(-3))/((-16)/(-18384))?
383
Let b = 1340 + -708. What are the prime factors of b?
2, 79
Let w(y) = -y**3 - 8*y**2 + 4*y - 21. List the prime factors of w(-11).
2, 149
Let m be 4/(-14) - 2/(-7). Suppose -3*r - q + 117 = 0, -r + m*q + 52 = -4*q. List the prime factors of (28/35)/(2/r).
2
Suppose -4*l + 7*l + 2*a - 31 = 0, -5*l - a = -40. List the prime factors of l.
7
Let g(y) = -y. Let i(w) = 5*w - 15. Let f(u) = -3*g(u) - i(u). List the prime factors of f(-14).
43
Let c = 38 - 42. Let m(i) = 0*i**2 + 2*i**2 - i**2 - 2*i - 2. What are the prime factors of m(c)?
2, 11
Suppose -709 = -3*w + 2*f, 4*w - w - 699 = -3*f. Suppose -11*o = -6*o - w. Suppose 99 = 4*x + 3*t - o, 148 = 4*x + 2*t. What are the prime factors of x?
2, 19
List the prime factors of (-89)/6*(-8 + 2).
89
Let y(j) = -j**3 - 9*j**2 - 13*j + 11. Let r be y(-9). Let d = 277 - r. What are the prime factors of d?
149
Let a(y) = 4*y - 19. Let n be a(5). Let u be (n/(-2))/(3/(-30)). Suppose -d + u = 0, -z + 60 = 4*z - d. List the prime factors of z.
13
Suppose 2*a - 12 = -w, 2*a = 6*a + 4*w - 28. Suppose -2*b - 3*z = 2, a*b - 2*z = -3*z - 5. List the prime factors of (-2)/4*b*10.
5
Let z be ((-18)/21)/((-2)/7). Suppose z*a = 5 + 85. Suppose -5*u + a = -25. What are the prime factors of u?
11
Supp